557 is divided by 17.
16
Calculate the remainder when 5952 is divided by 1050.
702
Calculate the remainder when 7990 is divided by 3906.
178
What is the remainder when 4448 is divided by 1549?
1350
What is the remainder when 6422163 is divided by 29?
26
What is the remainder when 88071 is divided by 240?
231
Calculate the remainder when 15262 is divided by 3787.
114
Calculate the remainder when 2262 is divided by 333.
264
What is the remainder when 659 is divided by 109?
5
Calculate the remainder when 1631 is divided by 749.
133
What is the remainder when 334068 is divided by 26?
20
What is the remainder when 16950 is divided by 2?
0
Calculate the remainder when 1876 is divided by 600.
76
What is the remainder when 96998 is divided by 59?
2
Calculate the remainder when 6716 is divided by 247.
47
What is the remainder when 24553 is divided by 55?
23
What is the remainder when 76003 is divided by 45?
43
What is the remainder when 11799 is divided by 369?
360
Calculate the remainder when 13773 is divided by 123.
120
Calculate the remainder when 230348 is divided by 722.
30
What is the remainder when 3792 is divided by 23?
20
What is the remainder when 6142 is divided by 1225?
17
What is the remainder when 191397 is divided by 34?
11
Calculate the remainder when 354139 is divided by 372.
367
Calculate the remainder when 7852 is divided by 561.
559
Calculate the remainder when 7003 is divided by 1735.
63
What is the remainder when 546478 is divided by 12?
10
Calculate the remainder when 79643 is divided by 70.
53
Calculate the remainder when 4125 is divided by 1357.
54
What is the remainder when 100423 is divided by 515?
513
What is the remainder when 326367 is divided by 230?
227
Calculate the remainder when 93137 is divided by 150.
137
What is the remainder when 1403 is divided by 273?
38
Calculate the remainder when 20117 is divided by 9964.
189
What is the remainder when 23153 is divided by 186?
89
What is the remainder when 144044 is divided by 97?
96
What is the remainder when 19968 is divided by 713?
4
What is the remainder when 1046 is divided by 235?
106
Calculate the remainder when 13700 is divided by 572.
544
Calculate the remainder when 4608302 is divided by 87.
86
Calculate the remainder when 872 is divided by 825.
47
What is the remainder when 4812 is divided by 376?
300
Calculate the remainder when 152421 is divided by 4.
1
Calculate the remainder when 177325 is divided by 108.
97
Calculate the remainder when 2965 is divided by 566.
135
Calculate the remainder when 14002 is divided by 3842.
2476
Calculate the remainder when 14753 is divided by 12.
5
What is the remainder when 5340 is divided by 311?
53
Calculate the remainder when 6423 is divided by 11.
10
What is the remainder when 22440 is divided by 1019?
22
What is the remainder when 243236 is divided by 45?
11
Calculate the remainder when 14143 is divided by 14125.
18
What is the remainder when 53812 is divided by 235?
232
Calculate the remainder when 11555 is divided by 15.
5
What is the remainder when 10750 is divided by 543?
433
Calculate the remainder when 1342379 is divided by 41.
39
Calculate the remainder when 610 is divided by 71.
42
Calculate the remainder when 27836 is divided by 287.
284
What is the remainder when 33422 is divided by 33403?
19
Calculate the remainder when 138446 is divided by 255.
236
What is the remainder when 6303 is divided by 1047?
21
Calculate the remainder when 17665 is divided by 146.
145
What is the remainder when 2091310 is divided by 564?
562
What is the remainder when 53397 is divided by 50?
47
What is the remainder when 25887 is divided by 137?
131
Calculate the remainder when 36870 is divided by 329.
22
What is the remainder when 50693 is divided by 390?
383
Calculate the remainder when 710611 is divided by 28.
27
Calculate the remainder when 60099 is divided by 30042.
15
Calculate the remainder when 182665 is divided by 26.
15
Calculate the remainder when 165981 is divided by 456.
453
What is the remainder when 52253 is divided by 25898?
457
What is the remainder when 37842 is divided by 6305?
12
Calculate the remainder when 92863 is divided by 71.
66
What is the remainder when 47836 is divided by 23892?
52
What is the remainder when 8031 is divided by 27?
12
Calculate the remainder when 32017 is divided by 63.
13
What is the remainder when 825 is divided by 275?
0
Calculate the remainder when 7307 is divided by 14.
13
Calculate the remainder when 420287 is divided by 70046.
11
What is the remainder when 37330 is divided by 2666?
6
What is the remainder when 84769 is divided by 70?
69
What is the remainder when 5716 is divided by 117?
100
What is the remainder when 16211 is divided by 47?
43
What is the remainder when 1793 is divided by 822?
149
Calculate the remainder when 2629 is divided by 435.
19
What is the remainder when 2666 is divided by 311?
178
Calculate the remainder when 3417 is divided by 1686.
45
Calculate the remainder when 5963512 is divided by 1898.
1894
Calculate the remainder when 129703 is divided by 39.
28
What is the remainder when 645973 is divided by 302?
297
Calculate the remainder when 8868 is divided by 79.
20
Calculate the remainder when 23325 is divided by 12.
9
Calculate the remainder when 9078 is divided by 19.
15
What is the remainder when 21938 is divided by 645?
8
Calculate the remainder when 2494 is divided by 679.
457
Calculate the remainder when 430254 is divided by 665.
664
What is the remainder when 86498 is divided by 25?
23
Calculate the remainder when 5369 is divided by 1778.
35
Calculate the remainder when 575841 is divided by 28.
21
Calculate the remainder when 32682 is divided by 11.
1
Calculate the remainder when 3111 is divided by 1537.
37
Calculate the remainder when 8515 is divided by 71.
66
What is the remainder when 6630 is divided by 33?
30
What is the remainder when 100147 is divided by 57?
55
Calculate the remainder when 17598 is divided by 163.
157
What is the remainder when 423476 is divided by 323?
23
What is the remainder when 1230 is divided by 303?
18
Calculate the remainder when 138119 is divided by 137.
23
Calculate the remainder when 75321 is divided by 7532.
1
Calculate the remainder when 16398 is divided by 90.
18
What is the remainder when 48236 is divided by 835?
641
What is the remainder when 10198 is divided by 34?
32
What is the remainder when 394 is divided by 23?
3
What is the remainder when 11604 is divided by 270?
264
Calculate the remainder when 16998 is divided by 100.
98
What is the remainder when 126229 is divided by 4?
1
What is the remainder when 322289 is divided by 66?
11
What is the remainder when 8198 is divided by 547?
540
Calculate the remainder when 4903 is divided by 1633.
4
Calculate the remainder when 2345 is divided by 705.
230
What is the remainder when 61717 is divided by 96?
85
Calculate the remainder when 1017552 is divided by 15.
12
What is the remainder when 67484 is divided by 37?
33
What is the remainder when 246975 is divided by 31?
29
What is the remainder when 39979 is divided by 127?
101
What is the remainder when 140120 is divided by 33?
2
Calculate the remainder when 1146 is divided by 251.
142
Calculate the remainder when 887 is divided by 405.
77
What is the remainder when 49917 is divided by 187?
175
Calculate the remainder when 83585 is divided by 46.
3
What is the remainder when 15548 is divided by 151?
146
What is the remainder when 27184 is divided by 9061?
1
What is the remainder when 52834 is divided by 238?
236
What is the remainder when 3525 is divided by 1159?
48
What is the remainder when 93398 is divided by 310?
88
Calculate the remainder when 9178 is divided by 271.
235
Calculate the remainder when 14903 is divided by 226.
213
What is the remainder when 129789 is divided by 624?
621
What is the remainder when 5494 is divided by 309?
241
What is the remainder when 3005 is divided by 2995?
10
What is the remainder when 105010 is divided by 52504?
2
Calculate the remainder when 2993303 is divided by 5.
3
Calculate the remainder when 40976 is divided by 20384.
208
Calculate the remainder when 7977 is divided by 14.
11
Calculate the remainder when 2305 is divided by 1114.
77
What is the remainder when 6192 is divided by